(108/(-360) - 1/5)*-352. Suppose q = c + 43, -4*q = 2*c + c - 179. What is the highest common divisor of p and q?
44
Let p(w) = -10*w + 97. Let q be p(10). Let u(y) = -23*y - 41. Let s be u(q). Calculate the greatest common factor of s and 182.
14
Let t = -317 + 157. Let n = 220 + t. Calculate the highest common factor of n and 160.
20
Let v = -144 - -159. Suppose p - 24 - 12 = 0. Suppose f + v - p = 0. What is the greatest common divisor of 21 and f?
21
Suppose 5*i + t + 101 = 308, 0 = -5*i + t + 213. Calculate the highest common factor of i and 861.
21
Let d(s) = s**2 + 47*s + 249. Let k be d(-5). Calculate the greatest common divisor of k and 624.
39
Suppose 0 = 2*m + 5*p + 14, 3*p + 6 = 4*m - 18. Suppose -h + 6 - m = 0. Let t be h*1 - (-42)/7. What is the highest common factor of 1 and t?
1
Let k = -97 + 83. Let y(s) = s**2 - 3*s + 18. Let j be y(k). Calculate the highest common divisor of 32 and j.
32
Suppose -4*q + 3*k + 5*k = -364, -4*q - 5*k = -364. What is the greatest common divisor of 455 and q?
91
Suppose -4*k + 58 = -62. Let o be (48/(-15))/((-2)/k). Let p = -34 + 66. Calculate the highest common divisor of o and p.
16
Let h be (1/(-1))/((-1)/6). Suppose -8 = -2*j, c + 5*j - 15 = 11. Suppose c*y - 12*y = -24. Calculate the greatest common factor of y and h.
2
Let f(r) = -r**3 - 4*r**2 - 2*r + 7. Let x be f(-2). What is the highest common divisor of 3126 and x?
3
Suppose -5*s - 3*w = -203, 0 = 91*s - 89*s + w - 81. Calculate the highest common factor of 15300 and s.
20
Suppose -8*b = -4*b - 216. Let u(y) = y**2 - 14*y + 258. Let g be u(20). Calculate the highest common factor of b and g.
54
Let p be (25/20)/((-1)/(-4)). Suppose 0 = -5*m + 5*g + 595, -33*g + 28*g = 3*m - 325. Calculate the highest common divisor of m and p.
5
Suppose 2*d - 92 = 62. Let c = -998 - -1053. Calculate the highest common factor of d and c.
11
Let b be -208 + 7 + -4 + 0. Let f = b + 139. Let n be ((-3)/(-2))/(f/(-704)). Calculate the greatest common divisor of n and 128.
16
Let k(c) = 9*c**2 + 11*c**2 - 6*c + 27 - 3*c**2 - 18*c. Let p be k(6). Calculate the greatest common divisor of 45 and p.
45
Let a = 1587 - 1553. What is the highest common divisor of a and 1241?
17
Suppose 31 = -21*d + 23*d + 3*y, -23 = -d - 3*y. Calculate the greatest common factor of 452 and d.
4
Let q = -1235 + 2709. Calculate the greatest common divisor of q and 88.
22
Suppose 4*m - 13 = -t, -2*t - 3*m = 7 - 33. What is the greatest common factor of t and 3133?
13
Let z = -4206 + 4598. What is the greatest common factor of 224 and z?
56
Suppose 0*g - 5*z - 113 = -g, -4*z = 2*g - 212. Suppose -7*i - 972 = -9*i. Calculate the highest common factor of i and g.
54
Suppose -51*p + 87*p - 178308 = 0. Calculate the highest common factor of p and 39.
39
Let y be 1327/(-2654)*96/(-2). Suppose 3 = -2*v - 3. Let m(a) = -19*a + 3. Let g be m(v). Calculate the highest common divisor of g and y.
12
Let t = 46 + -43. Suppose -6*l + t = -15. Let k be l/10*5*40/2. Calculate the highest common divisor of 270 and k.
30
Let o be ((-80)/(-6))/(6/54). Let n be 9*((-76)/(-18) - 4). Suppose i + r - 11 = -0*r, 5*r - 10 = -n*i. What is the highest common factor of i and o?
15
Let t(u) = -u**3 - 67*u**2 - 250*u + 138. Let g be t(-63). Suppose -d = -4*q + 35, -2*q - q + 4*d = -10. What is the highest common factor of g and q?
2
Suppose -53*n + 36*n + 6273 = 0. Let g = 383 - n. Let i be (6 + -2)*14/4. What is the highest common divisor of i and g?
14
Suppose -g - 2*p - 3 = -115, -428 = -4*g + 2*p. Let s(q) = q**3 - 21*q**2 + 113*q - 45. Let c be s(13). What is the greatest common divisor of g and c?
36
Let n = -2369 - -2421. Calculate the greatest common factor of 3328 and n.
52
Let n(r) = 344*r + 2452. Let m be n(-7). Calculate the greatest common divisor of m and 5258.
22
Let g be 6/(-8) - (18495427/(-92))/23. What is the highest common divisor of g and 76?
76
Suppose 0 = j + p - 116, -3*p - 11 = 1. Calculate the highest common factor of j and 165.
15
Let y be 6*2*(-582)/(-873). Let i = -311 + 168. Let x be (1 - i/1) + 0. What is the greatest common factor of y and x?
8
Suppose -2*x + 3*m - 66 = -132, -3*x - 4*m + 48 = 0. What is the greatest common factor of x and 1824?
24
Suppose j + 6*j + 128*j = 1161000. What is the greatest common factor of 5 and j?
5
Suppose 8*j = -2*j - 5*j + 3060. Calculate the highest common divisor of j and 42.
6
Let w = 3131 + -2911. Calculate the highest common divisor of 121 and w.
11
Let g(a) = 62*a**2 + 1416*a - 12. Let l be g(-23). Calculate the highest common divisor of l and 9701.
109
Let b(g) be the third derivative of g**4/4 + 31*g**3/2 + g**2 + 53. Let d be b(-9). What is the greatest common divisor of 26 and d?
13
Let r(b) = -124*b**2 + 9*b. Let j be r(-1). Let m = 173 + j. Calculate the highest common factor of m and 32.
8
Let d(t) = -t**2 + 42*t + 539. Let i be d(-9). Calculate the highest common divisor of i and 10.
10
Suppose 3*o = 2*t + 683 + 1819, t = -2*o + 1661. Calculate the greatest common divisor of o and 192.
64
Let b(f) = 564*f + 1769. Let z be b(-3). What is the greatest common factor of 1771 and z?
77
Suppose -12*o - 382 = -13*o. Suppose o = 8*p - 74. What is the highest common divisor of p and 6?
3
Let q(w) = -w + 64. Let t be q(-26). Let s = 200 - t. What is the greatest common divisor of s and 20?
10
Suppose -5*o = 3*h - 1743, 0 = 5*o - 9*h + 4*h - 1735. What is the highest common divisor of 300 and o?
12
Let b = 805 - 1139. Let y = -332 - b. What is the greatest common divisor of y and 5?
1
Suppose 8*h + 6 = 10*h, -3*h - 83 = -4*z. Suppose 0 = -32*q + z*q + 144. What is the greatest common divisor of q and 4?
4
Let a = -15 - -80. Let r = 463 + -372. Suppose -200*u + 193*u = -r. What is the greatest common divisor of u and a?
13
Let n = -1177 - -1397. What is the highest common factor of 360 and n?
20
Let h = 247 - 245. Suppose -l = 0, h*l = -4*o + 10 + 22. What is the greatest common factor of o and 8?
8
Let g = -159 + 186. Suppose -j + r + 93 = 0, -183 + g = -2*j - 4*r. Calculate the greatest common divisor of j and 24.
8
Let n be 2/(-6)*0/(-5). Suppose 0 = -n*j + 6*j - 24. Suppose -2*z - 2*k = 2*k - 10, j*z = k + 38. Calculate the greatest common divisor of z and 63.
9
Suppose 0 = x + 6, 131*h - 133*h = 2*x - 586. Calculate the greatest common factor of 39 and h.
13
Suppose 0 = -i - 12 + 11. Let c be i/4 - (3 + 1435/20). Let h = 81 + c. Calculate the highest common factor of 15 and h.
3
Let t = 3132 - 3130. What is the greatest common factor of 7 and t?
1
Suppose 2*a = -a + w + 305, -2*w - 198 = -2*a. Let c = a + -73. Let h = c + -27. What is the highest common divisor of h and 3?
3
Let s = 4600 + -1513. What is the highest common divisor of s and 9?
9
Let p be 3/6 - (-27)/6 - 2. Suppose -5*u - p*i + 95 = 2*i, 5*i - 47 = -2*u. Calculate the greatest common divisor of 32 and u.
16
Suppose 0 = -4*v - 52*k + 51*k + 51, -3*v + k = -33. Calculate the greatest common divisor of 762 and v.
6
Let d be 6 - (6 + 3) - (-9)/(-6)*-24. Calculate the highest common factor of 8921 and d.
11
Suppose 7 = 5*p - 3*p - 3*y, 0 = -2*p + 4*y + 6. Let z = -99 - -105. Suppose t - z = -1. Calculate the greatest common factor of p and t.
5
Let s(p) = p**2 + 33*p - 308. Let a be s(-41). Let i = -29 + 109. Calculate the greatest common divisor of i and a.
20
Let v be (8/(-9))/((-444)/2997). Let j be 1 - 4 - (2 - 1). Let a be (-430)/(-8) - 1/j. Calculate the greatest common factor of a and v.
6
Suppose -5*z + 37451 = 10286. What is the greatest common factor of z and 6?
3
Let s = 251 + -412. Let b be ((-80)/(-14) + 0)*s/(-46). Suppose 9 + 11 = 2*j. Calculate the highest common divisor of b and j.
10
Let f = 4653 + -3779. What is the highest common divisor of f and 322?
46
Let i(d) = -d**3 - 25*d**2 - 162*d - 18. Let x be i(-16). What is the highest common divisor of x and 864?
54
Let i = -1672 - -1676. Suppose t + 10*j = 7*j + 39, -84 = -2*t - i*j. Let o = -3 - -51. Calculate the highest common divisor of t and o.
48
Suppose 0 = 5*u - t + 1748, 10*u - 7*u = -3*t - 1038. Let w = 323 - u. What is the highest common divisor of 24 and w?
24
Let k be (6/(-6))/(5/(-1700)). Suppose 7*o - k = -221. Calculate the highest common factor of 187 and o.
17
Let w(z) = z**3 - 14*z**2 + 7*z 